ivative of f**4/4 - 5*f**3/3 - 3*f**2 + 8*f - 82. What is o(6)?
8
Let a(u) = -232*u - 5. Let j(x) = -185*x - 6. Let f(h) = 4*a(h) - 5*j(h). Suppose s - 14 = -2*z, 2*s + 2*z - 30 = -8. Determine f(s).
-14
Let r(p) = 343*p - 15 - 166*p - 172*p. What is r(6)?
15
Let z(b) be the second derivative of -b**3/6 + 3*b**2/2 - b. Let o(h) = h. Let f(s) = o(s) - z(s). Determine f(6).
9
Let k(t) = 12*t**3 + 0 - 4 + 5 - 2*t. Let x(v) = v + 2. Let c be x(-1). Determine k(c).
11
Let u(o) = -o**3 - 16*o**2 + 18*o + 41. Let p be u(-17). Let i = 19 - p. Let q(c) = -c**3 - 5*c**2 - 4. Determine q(i).
-4
Let a(d) = -9*d**3 + 10*d**2 - d - 12. Let r(i) = 11*i**3 - 11*i**2 + 14. Let h(s) = 5*a(s) + 4*r(s). Give h(4).
8
Suppose -3*q - 18 + 2 = t, 3*t + 24 = -3*q. Let c(i) = -2*i + 6. Let x be c(2). Let o(g) = -1 + 83*g**3 + 0 - 5*g + 4 + 3*g**x - 82*g**3. Give o(q).
7
Let m be (-2 - -1)/(3 + (-56)/19). Let p = -24 - m. Let f(o) = o**2 + 3*o + 5. Give f(p).
15
Let p(k) = k**2 + 7*k - 2. Let j(q) = -2*q**2 + 2*q + 6. Let c be j(0). Let m = -14 + c. What is p(m)?
6
Let o(h) = -3*h**2 - 4*h - h**3 - 1 + h**2 + 6*h. Let f be o(-3). Suppose f*l + k - 9 = 0, -2 - 2 = 4*k. Let s(i) = -i**2 + 7*i - 6. What is s(l)?
4
Let n = -271 - -271. Suppose -5*i + 28 + 22 = 0. Suppose 5*l + n*l = i. Let k(s) = s + 2. Give k(l).
4
Suppose 5*s + 377 = 337. Let d(k) = -k**3 - 9*k**2 - 5*k + 8. Give d(s).
-16
Let q(k) = -5*k**3 - 2*k**2 + 3*k**2 - 3 + 3*k**3 + 30*k - 34*k. Determine q(-2).
25
Let m = 9 + -9. Suppose 0 = -a - m*s + 4*s, a = 3*s. Let z(k) = -k + 1. Let g(d) = d - 4. Let c(r) = -g(r) - 2*z(r). Give c(a).
2
Suppose 16*k - 21*k = -20. Let w(j) = k - 3 + 3 - 5 - j**2. Let d = -9 - -11. Calculate w(d).
-5
Let h be -9 - 2*(-2)/4. Let l(p) = -22*p - 314 + 161 + 21*p + 155. Determine l(h).
10
Let q(j) = 2*j**3 - 2*j**2 - j - 2. Let c be q(2). Let s = -8 + c. Let l(o) = -3*o + 2*o - 1 - 2*o. What is l(s)?
11
Suppose 3 = -5*t + d + 15, 5*d = 15. Let o(u) = u + 41*u**2 - 42*u**2 + 2*u**t + 6*u**3. What is o(1)?
8
Let g be (-1)/((-1)/(-6 - 1)). Let t = g - -10. Let w(n) = 188*n - 241*n**2 + 4 - 186*n + 239*n**2. Determine w(t).
-8
Let n(z) = 30*z + 3. Let c be n(1). Suppose 6*i = -3 - c. Let j(k) = k**3 + 7*k**2 + 7*k - 3. What is j(i)?
-9
Suppose 4*c - 11 = 2*l - 3, -3*l = c - 9. Suppose 3*n + 2*d = -2*d + 7, -c*n + 13 = d. Let q(f) = f**2 + 7*f - 3 - 2 - 2*f**2. Calculate q(n).
5
Let b(i) = -i**2 + 5*i + 3. Let d(y) be the second derivative of 1/12*y**4 - 11*y - 7/6*y**3 + 0 + 11/2*y**2. Let t be d(6). Determine b(t).
3
Suppose 48*i = 44*i - 16. Let d(m) = 0*m**3 + 6*m**2 + m**3 + 4*m - 5 + 0*m**3. Determine d(i).
11
Let i be ((3 - 2) + -1)/(-1). Suppose -4*v - 6 = 2*m, 0 = -4*v - 3*m + 2*m - 1. Let h(q) = -1. Let j(t) = -t - 13. Let f(y) = v*j(y) - 5*h(y). Determine f(i).
-8
Let l = -33 + 46. Suppose 5*k - l = 2. Let y(w) = -15 + 1 + 2*w + 11 + 1 - w**2 + 5. Determine y(k).
0
Let t(o) = o + 4. Let s be (2 + -4)/(2 + 0) + -11. Determine t(s).
-8
Let j(d) = -26*d. Let h(x) = 9*x. Let w(g) = -11*h(g) - 4*j(g). Suppose -27 + 27 = 12*v. Suppose v*u = -5*u + 5. Give w(u).
5
Let q(a) = 0*a**2 - 3*a**2 - 3 + 12*a**2 + a**3 - a - 3*a**2. Let d be q(-6). Let f(b) = b + 2*b + 3 + b - 6*b. Calculate f(d).
-3
Let x(m) be the second derivative of -m**4/6 + 3*m**3/2 - 2*m**2 + 399*m. Give x(6).
-22
Let g(t) = -t**2 + 3*t + 19. Let w(s) = 2*s**2 - 4*s - 39. Let u(a) = 9*g(a) + 4*w(a). What is u(12)?
3
Let a(h) = -4*h**2 - 20*h - 15. Let m(s) = 3*s**2 + 17*s + 13. Let d(z) = 4*a(z) + 5*m(z). What is d(7)?
-9
Let d(f) = 2*f**2 + 2*f + 12. Let w(m) = 5*m**2 + 8*m + 33. Let u(b) = -8*d(b) + 3*w(b). Determine u(7).
10
Let a(d) = d**3 + 4*d**2 - 5*d + 4. Suppose -5*p - 15 - 10 = -4*k, 5*k = 0. Give a(p).
4
Let x(p) be the third derivative of -5/12*p**4 - 7/6*p**3 - 5*p**2 + 0 + 1/60*p**5 + 0*p. Calculate x(9).
-16
Let j(b) = b**3 - 5*b**2 + 6*b - 6. Let s be j(4). Let f(i) = i**3 - 2 + 8*i**s - 5*i - 5*i - 5. Determine f(-9).
2
Suppose -3*d - 7 = -19. Let p be 35/(-14)*(-6)/5. Let q(m) = -4*m - 6. Let y(k) = 7*k + 11. Let f(h) = p*y(h) + 5*q(h). What is f(d)?
7
Let u(n) be the first derivative of -n**4/4 + 5*n**3 - 13*n**2/2 - 13*n - 463. Determine u(14).
1
Let c(w) = -2*w - 4. Let d be -3*1 - 0/(33/(-3)). Give c(d).
2
Let n be (10 + -6)*1/(-2). Let q = 10 + n. Let g(j) = -j**3 + 6*j**2 - 11*j + 7. Let z(p) = -p**2 - p. Let u(i) = g(i) - 3*z(i). What is u(q)?
7
Suppose 2*n = -4*n + 12. Let i(b) = 38*b**2 - 21*b**2 + 1 + 1 - 18*b**n + 6*b. Calculate i(5).
7
Let u = -30 + 36. Let g(s) = 2 + 3*s + u - 5*s - 6. Let q(z) = -z + 9. Let k be q(5). What is g(k)?
-6
Let f(w) = -w + 1. Let q(m) = m**2 - 2*m - 6. Let u be q(4). Let l be 0 + 4 - (u + 8). What is f(l)?
7
Let n(v) be the third derivative of v**7/2520 - v**6/240 + v**5/40 - v**4 + 24*v**2. Let d(s) be the second derivative of n(s). Calculate d(5).
13
Let g = -1124 + 1130. Let l(s) = s**2 - 7*s - 1. What is l(g)?
-7
Let n be (-396)/(-176) + (-2)/(1 + 0). Let z(q) be the third derivative of 0 + 1/60*q**5 + q**3 + 0*q + n*q**4 + 5*q**2. Give z(-6).
6
Let i(l) = -334*l - 3334. Let k be i(-10). Let q(d) = d**2 + 3*d**2 - 8 - 3*d + 3*d**2 - d**3. What is q(k)?
10
Suppose -m = 2*u, 12 = 19*m - 23*m - 5*u. Let c(d) = -d**3 - 9*d**2 - 7*d + 10. Give c(m).
2
Let h(s) = 4*s**2 - 22*s - 37. Let w(c) = -c**2 + 8*c + 12. Let d(t) = -2*h(t) - 7*w(t). Calculate d(-11).
1
Let a(m) = -2*m**2 + 2*m - 3. Let l = 80 - 77. Suppose -d + 2*v + 12 = 0, -l*v - 18 + 1 = -d. Give a(d).
-7
Let y(i) be the first derivative of -i**4/2 + i**3/3 + i**2 + 62. Suppose 0 = -2*z - 2 - 2. Determine y(z).
16
Suppose 2*r + 6 = 10. Suppose 5*v + 3*j - 9 = 0, -r*v = -j - 5 - 3. Let t(s) = 3*s - 5*s**2 + s**v - 2*s**3 + 2*s**3. What is t(3)?
-9
Let z be -158 + (0 - -2 - (-18)/(-9)). Let k = 154 + z. Let m(i) = i + 5. Determine m(k).
1
Let u(r) be the third derivative of r**6/120 + 7*r**5/30 + 13*r**4/24 + 2*r**3/3 + 115*r**2. Calculate u(-13).
4
Let u = 4 - -3. Let y(z) = -3*z - 1. Let l be (0 + -1)*(7 + -11). Let c(d) = -2*d. Let j(f) = l*c(f) - 3*y(f). Determine j(u).
10
Let r(y) = -2*y + 1. Let d be -2 - -2*4/4*3. Suppose -5*n = -n + d. Determine r(n).
3
Let b(m) = -1. Suppose -12 = -3*j + 3*l, -2*j + 6*j - l = 1. Let w(y) = -2*y**2 + 1. Let u(s) = j*w(s) - b(s). What is u(-1)?
2
Let i(b) = b**3 + 8*b**2 + 4*b - 18. Let m(n) = -4*n**3 - 22*n**2 - 12*n + 55. Let w(j) = -7*i(j) - 2*m(j). What is w(12)?
-32
Let l = -819 - -815. Let g(s) = -s - 7. What is g(l)?
-3
Let y(h) = 3*h - 1. Let b be 12274/255 + 2/(-15). Let w = b - 47. Calculate y(w).
2
Let s = -9 - -1. Let d(w) be the third derivative of w**4/8 + 5*w**3/6 + 5593*w**2. Calculate d(s).
-19
Suppose 13 + 11 = 6*w. Let a(t) = -w*t**3 - 16*t + 0*t**3 + 3 + 20*t + t**3. Give a(-2).
19
Let c(i) = i**3 + 2*i**2 - 6*i - 3. Let p(q) = q**3 - 6*q - 4. Let u(h) = -4*c(h) + 3*p(h). Determine u(-9).
27
Let x be (-6)/4 - (-2 + (-28)/(-8)). Let v be x/(-2) + 3/6. Let h(c) = -c - 2. What is h(v)?
-4
Let v(h) = -h**2 + h - 2. Let x(m) = 5*m - 55. Let g be x(11). Determine v(g).
-2
Let o(q) be the third derivative of q**4/24 - 7*q**3/3 + 14*q**2 + 1. Give o(14).
0
Let p be 16/(-120)*-6*5. Let r(v) = 9*v - 23. Let u(i) = -4*i + 11. Let b(c) = 3*r(c) + 7*u(c). Calculate b(p).
4
Let z(s) = 7*s**3 - s**2 - 17*s + 8. Let w(l) = 12*l**3 - 4*l**2 - 33*l + 17. Let d(q) = 3*w(q) - 5*z(q). What is d(9)?
47
Let m(z) = 2*z + 20. Suppose -134*h + 72 = -143*h. Determine m(h).
4
Let z(g) = g**2 - g - 1. Let h(w) = -w**3 + 5*w**2 - 6*w + 8. Let i(q) = h(q) + 2*z(q). Let f(r) = -r**3 - 9*r**2 - 2*r - 12. Let k be f(-9). Determine i(k).
-6
Let r(q) be the second derivative of -q**3/3 - 5*q**2 - 6*q. Let v(h) = -h - 7. Let u(w) = -5*r(w) + 7*v(w). Calculate u(-2).
-5
Suppose -21*v + v - 1880 = 0. Let m = 89 + v. Let q(s) be the first derivative of -s**3/3 - 3*s**2 + 3*s - 1. Give q(m).
8
Let r(b) = -4*b**2 + 4*b - 4. Let z(h) = -7*h**2 + 7*h - 7. Let u(c) = 5*r(c) - 3*z(c). Calculate u(0).
1
Let w(z) = -z - 4 + 4. Let y(o) = o**2 + 3*o - 5. Let u = -7 + 9. Let m be y(u). Determine w(m).
-5
Let h(q) be the third derivative of q**5/60 - q**4/24 - q**3/3 + 13*q**2. Suppose 0 = 6*l - 11*l. Determine h(l).
-2
Suppose u + 8 = z, 5*z - 2*u + 0 = 28. Suppose -5*w = -z*w + 1. Let